-34 = -5*g - 3*m, -2*m - 15 = -7*m. Suppose 12*z + 4 = 14*z. What is the highest common divisor of g and z?
1
Suppose 0*p + 228 = 4*p. What is the highest common divisor of 38 and p?
19
Let f(j) = 11*j + 5. Let b be f(11). Calculate the highest common factor of b and 18.
18
Let v = -23 - -13. Let g = v + 8. Let x be 21/g*(-9 + 7). What is the greatest common divisor of x and 7?
7
Let h(v) = -v - 6. Let y be h(-6). Suppose y*i - 2*i = -16. Calculate the highest common divisor of i and 12.
4
Let s be (2/3)/(11/330). Suppose -2*u + 0*u - 12 = 0. Let a be (-1 - u)/(2/8). What is the highest common divisor of s and a?
20
Let i = 11 + -2. Calculate the highest common divisor of 54 and i.
9
Let h(z) be the third derivative of -31*z**4/12 - z**2. Let r be h(-1). Let u be r + (-1 - (-3)/(-3)). Calculate the highest common divisor of u and 12.
12
Suppose -5*t = 3*n + 14, -2*t - 16 = -3*n - n. Suppose 3*m - 4*m = -n*d - 122, -2*m + 246 = -3*d. Calculate the greatest common factor of m and 18.
18
Let n be (24/18)/(1/45). Let u = 3 + 21. Calculate the highest common divisor of n and u.
12
Let l(f) = -f**3 + f**2 - f. Let w(t) = 4*t**3 - 8*t**2 + 6*t - 2. Let n(c) = -3*l(c) - w(c). Let p be n(4). Calculate the highest common divisor of p and 6.
6
Let b(z) = 3*z**2 - 10*z + 4. Let c be 1/(-2)*2 - -8. Let m be b(c). Calculate the highest common divisor of 9 and m.
9
Suppose -20 = -5*v + 3*w + 4, 20 = 4*v - 2*w. Suppose 62 - 14 = o. Calculate the greatest common divisor of o and v.
6
Let d = -6 - -10. Suppose 3*t + 0*t - 2*j = 225, -2*t - d*j = -166. Let i = 18 - 7. What is the greatest common factor of i and t?
11
Let u be (-1 + 0)/((-2)/38). What is the greatest common divisor of u and 95?
19
Let r be (-15)/7 + 1/7. Let g(c) = -5*c**3 - c**2 + c - 2. Let a be g(r). Suppose -2*q + 4 = -q. What is the highest common divisor of a and q?
4
Let a be (-2*(6 - 0))/(-1). Let w = a + -4. Calculate the highest common divisor of w and 56.
8
Let f = 29 - -21. Calculate the greatest common factor of 25 and f.
25
Let o(k) = k**3 - 3*k + 3. Let n be o(2). Suppose -n*j + 0*j = -u - 9, 0 = 2*u - j - 9. Calculate the greatest common factor of u and 30.
6
Suppose 3*t + 0*t - f - 691 = 0, -4*t - f + 926 = 0. Calculate the greatest common divisor of 21 and t.
21
Let a be (3 + -1)/2*-8. Let f be a/20 - (-662)/5. Calculate the greatest common factor of 12 and f.
12
Suppose 4*i - 12 = i. Let j be (i - -20)*(-5)/(-4). Let b be 13/2 + 1/(-2). What is the greatest common divisor of j and b?
6
Let w = -4 + 8. Suppose 2*s - 10 = 4*l, 0 = s - 5*s - w*l + 44. Let u be 1/5*6*5. Calculate the highest common factor of u and s.
3
Let x(w) = -w**2 + 13*w + 22. Let t be x(14). What is the greatest common factor of 72 and t?
8
Suppose -2*j - 28 = -0*j. Let m = -1 - j. What is the greatest common factor of 91 and m?
13
Let t = -11 - -13. Let f be 1/t - (-41)/2. Calculate the highest common divisor of f and 84.
21
Let u(d) = d**3 - 8*d**2 + 8*d + 8. Let y be u(7). Let n be (-2)/(-4) + 38/4. What is the greatest common divisor of n and y?
5
Let p be 2665/26*2/1. Calculate the greatest common divisor of 82 and p.
41
Suppose -4*a - 3*s + 69 = 0, a + s + 12 = 2*a. Let q = 307 - 142. Calculate the highest common factor of q and a.
15
Let y be (6/8)/(195/(-100) + 2). What is the highest common divisor of 120 and y?
15
Let t(h) = -h + 15. Let q be t(11). Suppose -8*l + 260 = -q*l. What is the greatest common divisor of 26 and l?
13
Let i be -5*(3 - (-2)/(-1)). Let m = i - -7. What is the highest common divisor of 10 and m?
2
Let d be 19 + (2 - 3) + 4. Let l = -73 + 139. What is the highest common factor of d and l?
22
Let w = 126 + -114. Calculate the highest common factor of w and 3.
3
Suppose 406 = 5*p + w, -3*w = -2*p - 5*w + 156. Suppose i = 4*k - 430, 5*i + 288 = 2*k + p. Suppose m + 4*m = 60. What is the greatest common factor of k and m?
12
Suppose 0*c - 3*c = -39. Suppose -4*u + 1 = -h, 2*h + 1 - 2 = 5*u. Let t = c - h. What is the greatest common divisor of t and 20?
10
Let p(b) be the third derivative of 19*b**4/24 + b**3/6 + 2*b**2. Let s be p(2). Let w = -27 + 40. What is the highest common divisor of w and s?
13
Suppose -o - 4*z = 3*o + 16, -4*z = 16. Suppose o*c = 4*c - 52. Let a = 7 - -6. What is the highest common factor of a and c?
13
Suppose -3*a = -2*g - g + 93, 2*g - 124 = 4*a. Let n = a + 51. What is the greatest common divisor of n and 50?
10
Let l(s) = s**2 - 7*s + 7. Let a be l(6). Calculate the highest common divisor of 17 and a.
1
Let q(l) = -l**3 - 10*l**2 - 5*l - 23. Let p be q(-10). Calculate the highest common factor of 108 and p.
27
Let f(b) = b**3 + 3*b**2 - 4*b + 6. Let u be f(-4). Let z = -61 - -86. Let r = 55 - z. Calculate the highest common factor of u and r.
6
Suppose -3 = 2*d + d. Suppose 3*r = 2*r. Let n = r - d. What is the highest common divisor of n and 5?
1
Let p(i) = i**2 - 2*i + 7. Let k be p(-6). Suppose -2*r = -5*r + 66. What is the highest common divisor of k and r?
11
Let a(z) = z**3 + 8*z**2 - 3*z + 6. Let h be a(-6). What is the highest common factor of h and 12?
12
Let c(m) = 5*m**2 - 4*m + 3. Let d be c(2). Let j be ((-24)/d)/((-6)/45). Calculate the greatest common divisor of 36 and j.
12
Suppose -1 = -6*u - 7. Suppose -5*c - 436 = 3*s - 5*s, 430 = -5*c + 5*s. Let k be (u + -5)/(6/c). Calculate the highest common divisor of k and 11.
11
Suppose -2*x + 5*s - 3 = 0, 48 = x + 2*x + 3*s. What is the greatest common divisor of 33 and x?
11
Let a = 102 + -70. Let p be (-2)/3 - a/(-12). Let y = -13 + 29. Calculate the greatest common factor of p and y.
2
Let q = 42 + -29. What is the greatest common divisor of q and 104?
13
Let u be (-1 - -6)*546/65. What is the greatest common factor of u and 28?
14
Suppose 3*q + 3 = -0*q. Let x be (2/(-3))/(q/9). Calculate the highest common divisor of x and 42.
6
Let g(n) = -14*n. Let y be g(-5). Suppose -2*b = -y + 14. What is the greatest common divisor of 14 and b?
14
Let o(q) = -2*q**3 - q**2 + 4*q + 14. Let m be o(-4). What is the highest common divisor of 10 and m?
10
Let d(s) be the first derivative of -s**2/2 + 8*s - 1. Let w be (8/1 + 0)*-1. Let r be d(w). Calculate the highest common divisor of 16 and r.
16
Suppose -4*z = -119 - 85. What is the highest common divisor of 34 and z?
17
Let h = -4 - -24. Calculate the greatest common divisor of 50 and h.
10
Suppose 0 = -4*t + 4*l + 80, -t - 50 = -4*t + l. Let m be 129/t + (-2)/(-5). What is the highest common factor of m and 45?
9
Let v(o) = -5*o + 21. Let f be v(4). Calculate the highest common factor of f and 1.
1
Suppose -7*r = -2*s - 6*r + 104, -s = -r - 54. Suppose -4*w = w - 100. What is the highest common factor of w and s?
10
Let u(l) = -l**3 + 22*l**2 + 23*l + 11. Let b be u(23). What is the greatest common divisor of b and 77?
11
Let c = -70 - -120. Let z(x) = x - 8. Let j be z(10). Suppose j*u + 5 = 25. Calculate the greatest common divisor of u and c.
10
Let b(q) = 5*q - 17. Let c be b(4). Calculate the highest common factor of c and 15.
3
Let c be (-20)/(-90) - 52/(-9). Let k(b) = -b**3 + 6*b**2 + b - 3. Let w be k(c). What is the greatest common divisor of 15 and w?
3
Suppose 12*x = 2338 + 266. Calculate the highest common divisor of x and 31.
31
Let k be (-5)/3*(-3 - 0/2). What is the greatest common factor of k and 35?
5
Let o(u) = 2*u - 5. Let l be (-2)/((-16)/14)*4. Let r be o(l). What is the highest common factor of r and 9?
9
Let j = 549 + -378. Let w(t) be the third derivative of t**5/60 + t**4/8 + t**3/6 - 4*t**2. Let s be w(-6). What is the greatest common divisor of s and j?
19
Suppose -4*t + 8 + 0 = 0. Calculate the greatest common divisor of 38 and t.
2
Let j be (27/12)/1*8. Let z be j/(-4)*(-16)/3. Suppose 5*g = 2*x - z, -3*x - 4 = x + 3*g. What is the greatest common divisor of 18 and x?
2
Let m = 7 - 2. Let g(h) = -h**2 + 11*h - 10. Let w be g(m). Calculate the highest common factor of w and 30.
10
Let g be (-5)/(10/66) + 2. Let k = 52 + g. What is the highest common divisor of 231 and k?
21
Let o be ((-75)/60)/(1/(-4)). What is the greatest common factor of 20 and o?
5
Suppose 0 = l - 18 + 2. What is the greatest common divisor of 112 and l?
16
Let c be (189/12)/((-9)/(-96)). What is the greatest common factor of 24 and c?
24
Let 